17 - 12. Suppose -1453 = -2*x - a, n*a - a = 3*x - t. Is x prime?
True
Suppose 19 = 9*c - 44. Let j(r) = r**3 - 4*r**2 - 3*r - 8. Let m be j(c). Suppose s - 2*y - 679 = m, 3*y - 772 = -s. Is s a prime number?
True
Suppose 5*l + 25 = 0, -7*c + l = -2*c - 10. Let m be c + (-2 - -5) + -1. Suppose 10*g = m*g + 1141. Is g prime?
True
Let x = 10905 - 23351. Let t = x + 18693. Is t a prime number?
True
Let v(l) = 704*l - 334. Let m(d) = -704*d + 339. Let g(q) = 7*m(q) + 6*v(q). Is g(-10) composite?
True
Let m(c) = -c**2 + 12*c + 18. Let v be m(13). Suppose -3*h + 5*o + 1596 = -0*h, -5*o - 2650 = -v*h. Suppose 3*r = h - 170. Is r a composite number?
True
Let f(t) = -2*t**2 - 10*t + 5. Let q(d) = 2*d**2 + 9*d - 6. Let x(s) = -3*f(s) - 2*q(s). Let l be x(13). Let g = l + -314. Is g prime?
False
Let k be (-176)/(-40) + 0 + (-6)/(-10). Suppose -3*j = -j - k*s - 3888, -1947 = -j + s. Is j prime?
True
Let z = 161617 + -90230. Is z a prime number?
True
Suppose -n + 0*n = -4*m - 7, -5*m = 5*n - 10. Suppose s + 2621 = 4*s - 4*h, -n*s = h - 2611. Suppose -s = 2*y - 2337. Is y composite?
False
Let j = 1 - -19. Suppose -j = -57*n + 62*n. Let f(q) = 31*q**2 - 5. Is f(n) prime?
True
Let j(z) = z**2 + z + 3. Suppose -1 - 11 = 6*r. Let h be j(r). Suppose h*n - 1906 = -4*v + 923, 5*n = 2*v - 1377. Is v prime?
True
Let i be (-3)/(3 - 24/9). Let l(q) = 116*q + 5. Let s(c) = -58*c - 2. Let j(x) = -3*l(x) - 5*s(x). Is j(i) prime?
False
Suppose -29*k + 107936 + 226753 = 0. Is k prime?
False
Let h(i) = -6513*i - 252. Is h(-5) a prime number?
False
Let t(k) = -643*k + 10. Suppose -14 = -2*r + 4*g - 0, 0 = 4*g + 4. Let i be t(r). Is i/(-45) - 8/36 composite?
False
Let g(j) = -15 + 0*j**2 + 7*j**2 - 5*j + 94*j**2. Suppose 188*u = 197*u + 36. Is g(u) composite?
False
Let j(c) = -3956*c - 213. Let u be j(6). Let l = -4036 - u. Is l a prime number?
True
Let s = -96 - -171. Let p be 17/((-238)/(-868)) + (-1)/1*3. Let d = p + s. Is d a prime number?
False
Let s = -551207 - -1202530. Is s prime?
True
Let b(s) = s**3 + 36*s**2 - 3*s + 60. Let a be b(-38). Let o = a + 5641. Is o a composite number?
False
Suppose -2*h + 3*x + 376928 = 0, -4*h - 2*x + 753850 = -7*x. Is h prime?
False
Suppose 3*h - 3547 = 995. Suppose -1507*n + h*n - 116641 = 0. Is n a composite number?
True
Let s(z) = 3*z**3 - 13*z**2 + 7*z - 1. Let l be s(4). Suppose -l*w + 33 = -1232. Is w a prime number?
False
Suppose 0 = 186*n - 191*n - 2*f + 2770857, 0 = -n - 2*f + 554165. Is n a prime number?
False
Let y(w) = -w**3 - 25*w**2 - 2*w - 1531. Is y(-39) prime?
True
Let u = -345474 + 519083. Is u a prime number?
False
Let i(b) = 203*b - 37. Let y(h) = h - 2. Let f(j) = -i(j) - 3*y(j). Is f(-5) a composite number?
True
Suppose -3 = m - 1, -2*m - 1111 = -u. Let y = u + -745. Let q = 1839 - y. Is q a composite number?
True
Let y = 25 - 23. Suppose 0 = -5*r + y*r + 585. Suppose 3*i = r + 474. Is i prime?
True
Let a be -83 - (4 + -4 - 4). Let p = a - -113. Suppose 3*m + 3*b - 57 = 0, -m = 5*b - p - 5. Is m composite?
True
Let o = -150 - -153. Is (o/4 + 30252/48)/1 composite?
False
Let s = 130 - 222. Suppose -7*u + 2 = 16. Is ((-11)/u)/((-2)/s) a prime number?
False
Suppose 2*m = -3*m - 5*k - 9825, 5*m - 2*k + 9839 = 0. Let y = -972 - m. Is y composite?
True
Let m(a) = 179 + 10*a**2 - 995*a + 2003*a - 1000*a. Is m(14) a composite number?
False
Suppose 3*b + l = 286377, -4*b + 29*l = 28*l - 381850. Is b prime?
True
Suppose -9*w + 15*w = -36. Is w/(-48) - 198684/(-32) a composite number?
True
Suppose 0 = -c - 5, 2*c + 2*c + 50 = -5*w. Is 1399*w/(-18)*3 a composite number?
False
Suppose 4 = 4*m + 4*b, -5*m + 12 = -3*b - 1. Let y be 0 - 2 - (1 + m - 5). Let f(c) = c**3 + c**2 - c + 113. Is f(y) composite?
False
Suppose 3*u - 4*r + 1 = 0, -5*u + 8*u - 5*r = -5. Suppose -v = -j - 56062, 3*v - 102613 = u*j + 65571. Is v a composite number?
True
Suppose 16 = 2*a + a - 2*i, 5*i = -4*a + 29. Suppose 2*j - 276 = -a*p + 4*p, 3*p + 4*j - 419 = 0. Let d = 1018 + p. Is d a prime number?
True
Suppose 0 = -8*r + 1587183 + 1083865. Is r composite?
True
Suppose 0*z = -2*z + 2*n + 796, 1591 = 4*z - 3*n. Let d(f) = f**3 - 5*f**2 + 5*f - 6. Let m be d(4). Is z + (m - 0 - -2) a prime number?
True
Suppose t - 2*t = 176. Let f = t - -107. Let b = f - -542. Is b a composite number?
True
Is (15 + 828/(-24))*(-30462)/9 a prime number?
False
Let k = 431 + -435. Is (-779)/(-2) - (-2)/k prime?
True
Let h(j) = 4987*j**3 + j**2 + j - 2. Let q(v) = v**3 + 14*v**2 - 2*v - 27. Let d be q(-14). Is h(d) a prime number?
True
Let n(k) = -3*k**3 - 16*k**2 - 13*k + 15. Let c(y) = 2*y - 17. Let r be c(3). Is n(r) prime?
False
Let b(w) = -603*w - 2. Let r be b(-12). Let x = 10983 + r. Is x composite?
False
Suppose 7*d - 1896 = -33690. Let s = d - -6944. Suppose 3*c = -3*f + 1446, 5*f = -3*c + 6*c + s. Is f a composite number?
True
Let x(m) = 41654*m**3 + 181*m**2 + 4*m - 3. Is x(2) a prime number?
False
Suppose -5*h = 4*g - 21, -9 = -h - 5*g + 3*g. Suppose h = -z + 4, -z = -d + 24352. Is d prime?
False
Let o be 93/2*(160/3)/2. Let t be (-20)/8*o/(-25). Suppose -s + 7*y = 4*y - 118, -s + 5*y + t = 0. Is s a prime number?
True
Suppose -3*m - 5*t + 2673639 = 0, 15*t - 16*t + 891217 = m. Is m composite?
False
Suppose -172*a + 17739 = -169*a. Let u = a + -3964. Is u a composite number?
False
Let r(h) = 20338*h - 295. Is r(3) a composite number?
False
Let c = 5281287 - 3637936. Is c composite?
False
Suppose -18*g - 17*g = -34*g - 8501. Is g a prime number?
True
Let a = -145 + 147. Is (-668)/a*(39/(-6) + -3) composite?
True
Let v be 13/(-39) - 32/(-6). Suppose 3 = 3*m, -10*t = -6*t + v*m - 22953. Is t prime?
True
Let z(j) = 11*j + 17*j - 5 - 2*j. Let r be z(-2). Let g = -20 - r. Is g a composite number?
False
Let l = -74 + 21. Let p = l + 205. Suppose -p = -7*i + 1857. Is i prime?
False
Let a be (9*(-2)/12)/(6/(-258920)). Suppose 0 = r + 2*g + 3*g - 12916, 5*r = 5*g + a. Is r a composite number?
False
Suppose -265427 + 106001 = -18*m. Is m a composite number?
True
Let f be -5 + (-2)/2 + -6446 + -1. Let b = -3188 - f. Is b composite?
True
Let o(n) = -n**3 - 34*n**2 + 47*n + 424. Let x be o(-35). Let j be ((-20)/(-6))/((-1)/(-3)). Suppose -x*g + j = -2, 0 = -2*b - 2*g + 1268. Is b composite?
False
Is (-6 - (-241)/3)/((-21)/(-91161)) a composite number?
True
Suppose 3*y + 0 = 5*t + 2500, -3*t - 4188 = -5*y. Suppose 0 = -c + 115 + y. Is c prime?
False
Let w = -230081 - -410100. Is w prime?
False
Let f = -173 - -316. Let s = f + 53. Suppose 0 = -5*l + 3*h + 940, s = l + h - 0*h. Is l a composite number?
False
Let j = 101662 - 51221. Is j a prime number?
True
Let x(p) be the third derivative of p**5/60 - p**4/3 - 13*p**3/6 + 2*p**2. Suppose -4*z = 0, -2*z = -4*r + 3*z - 32. Is x(r) a composite number?
True
Let x = -72963 - -312380. Is x a composite number?
False
Suppose q - 24 = 32. Let o = 59 - q. Suppose -5*b + 1976 = 2*s - 986, 5*s - 7367 = -o*b. Is s a composite number?
False
Let i be ((-14)/(-4) + -1)*24/(-20). Is ((-19)/(342/74364))/(2/i) prime?
True
Let s(x) = 757*x + 22. Suppose 0 = 92*t - 85*t - 7. Is s(t) a prime number?
False
Let f(y) = -34*y - 2. Let s(m) = m + 1. Let d(z) = 2*f(z) - 6*s(z). Let o be d(-2). Let q = -59 + o. Is q prime?
True
Is (1/(-2))/(171/(-570))*(-58746)/(-10) a composite number?
False
Suppose -5*i + 13945 = -b, 5591 = 2*i - 6*b + 3*b. Let h be (-8322)/5 + -7 + (-96)/(-15). Let m = i + h. Is m prime?
True
Let u = -47746 - -100654. Suppose 0 = 7*o - 19*o + u. Is o prime?
True
Let b = 525981 + -287902. Is b composite?
False
Let c(y) = y**3 + 2*y**2 - 9*y + 2. Let j be c(2). Suppose -5*z - 17206 = -3*f + f, j = 3*f - 3*z - 25809. Is f prime?
False
Suppose 60*t - 2 = 61*t. Is t*1 + 2/(-4)*-1406 a prime number?
True
Let v = -142 + 192. Suppose -v*q + 40*q + 88990 = 0. Is q prime?
False
Suppose 8874 = 17*v - 16*v - 5*t, 10 = -5*t. Let x = -3813 + v. Is x prime?
True
Suppose 177*h - 12033065 = 122*h. Is h prime?
True
Let i(q) be the first derivative of -q**4/4 - 5*q**3 + 7*q**2 + 81*q + 142. Is i(-19) a composite number?
False
Let t = 107 + -98. Suppose 11*p - 15660 = t*p + 5*u, -p + 3*u + 7829 = 0. Is p prime?
False
Suppose 38*j + 5882 = 4*d + 36*j, -5*d - 3*j + 7358 = 0. Is d a composite number?
False
Suppose -24*c + 218880 = -14*c. Suppose u - c = -